prime factors of 8616291.
3, 19, 151163
List the prime factors of 276624934.
2, 43, 3216569
List the prime factors of 667996167.
3, 19, 347, 33773
List the prime factors of 1864679918.
2, 17, 41, 1337647
List the prime factors of 53172615.
3, 5, 3544841
List the prime factors of 7236518.
2, 3618259
What are the prime factors of 91449563?
97, 942779
List the prime factors of 126599235.
3, 5, 7, 1205707
List the prime factors of 5870876132.
2, 11, 23, 257, 22573
What are the prime factors of 223674184?
2, 27959273
List the prime factors of 19701274.
2, 9850637
What are the prime factors of 420945986?
2, 769, 273697
List the prime factors of 1392649640.
2, 5, 34816241
What are the prime factors of 2161463933?
31, 101, 137, 5039
List the prime factors of 61734134.
2, 7, 11, 400871
List the prime factors of 143952628.
2, 197, 182681
What are the prime factors of 2275648?
2, 31, 37
What are the prime factors of 2279549481?
3, 11, 23, 3003359
List the prime factors of 70443149.
7, 10063307
List the prime factors of 114697155.
3, 5, 47, 162691
What are the prime factors of 5442058504?
2, 2551, 266663
List the prime factors of 61777490.
2, 5, 17, 363397
What are the prime factors of 234082612?
2, 31, 41, 1123
List the prime factors of 89020925.
5, 7, 17, 23, 1301
List the prime factors of 613562627.
16069, 38183
List the prime factors of 1375770096.
2, 3, 109, 9739
List the prime factors of 624763544.
2, 78095443
List the prime factors of 32113963.
7, 655387
List the prime factors of 309221573.
2239, 138107
List the prime factors of 9704198.
2, 7, 693157
List the prime factors of 8258139396.
2, 3, 13, 977, 18061
What are the prime factors of 2591488635?
3, 5, 6917, 24977
What are the prime factors of 20655759?
3, 41, 61, 2753
List the prime factors of 9699989.
13, 746153
What are the prime factors of 78028606?
2, 17, 179, 12821
What are the prime factors of 576543633?
3, 103, 1865837
What are the prime factors of 1598089717?
7, 739, 308929
List the prime factors of 17937534.
2, 3, 59, 50671
What are the prime factors of 31055883?
3, 3119, 3319
List the prime factors of 235571876.
2, 73, 179, 4507
List the prime factors of 238794985.
5, 11, 13, 331, 1009
What are the prime factors of 230621115?
3, 5, 23, 401, 1667
What are the prime factors of 1910916496?
2, 109, 751, 1459
What are the prime factors of 286934593?
11, 37, 704999
List the prime factors of 1936703569.
23, 1321, 63743
List the prime factors of 11855720.
2, 5, 83, 3571
What are the prime factors of 66440656?
2, 4152541
List the prime factors of 69019410.
2, 3, 5, 463, 4969
What are the prime factors of 1518766145?
5, 13, 17, 53, 25933
What are the prime factors of 549634634?
2, 23, 67, 139, 1283
List the prime factors of 42711826.
2, 21355913
What are the prime factors of 17730598?
2, 8865299
What are the prime factors of 2586280603?
1493, 1732271
List the prime factors of 895559259.
3, 7, 761, 56039
What are the prime factors of 7082496?
2, 3, 29, 53
What are the prime factors of 289055708?
2, 229, 281, 1123
What are the prime factors of 225172855?
5, 45034571
What are the prime factors of 67481168?
2, 79, 197, 271
What are the prime factors of 1004544306?
2, 3, 311, 577
What are the prime factors of 1815917308?
2, 453979327
List the prime factors of 581673252.
2, 3, 311, 155861
What are the prime factors of 2919616059?
3, 1423, 683911
What are the prime factors of 5707407658?
2, 2853703829
What are the prime factors of 127436561?
7, 3583, 5081
What are the prime factors of 23058696?
2, 3, 23, 37, 1129
What are the prime factors of 295400366?
2, 1051, 140533
List the prime factors of 35452578.
2, 3, 7, 120587
What are the prime factors of 61106403?
3, 53, 384317
List the prime factors of 69134797.
853, 81049
What are the prime factors of 802531476?
2, 3, 769, 3221
List the prime factors of 634082953.
7, 19, 1723, 2767
What are the prime factors of 241994544?
2, 3, 11, 458323
What are the prime factors of 3244540329?
3, 29, 12431189
What are the prime factors of 2202002172?
2, 3, 197, 34499
List the prime factors of 1897971488.
2, 7, 1210441
What are the prime factors of 2612390422?
2, 1693, 771527
List the prime factors of 35046413.
29, 59, 20483
What are the prime factors of 2107470443?
13, 19, 8532269
List the prime factors of 7507449514.
2, 3753724757
What are the prime factors of 251341976?
2, 23, 79, 17291
List the prime factors of 47955276.
2, 3, 23, 57917
List the prime factors of 16707413.
17, 982789
What are the prime factors of 43115228?
2, 13, 29, 28591
List the prime factors of 39363037.
7, 5623291
List the prime factors of 17028349.
13, 23, 56951
List the prime factors of 157909085.
5, 31581817
List the prime factors of 32815142.
2, 211, 77761
What are the prime factors of 3859654740?
2, 3, 5, 64327579
List the prime factors of 1907303367.
3, 635767789
List the prime factors of 46536428.
2, 11634107
What are the prime factors of 1023441481?
1023441481
List the prime factors of 215196414.
2, 3, 29, 1236761
List the prime factors of 260346609.
3, 109, 88463
List the prime factors of 900944964.
2, 3, 19, 359, 1223
What are the prime factors of 21569477?
21569477
List the prime factors of 1956324391.
7, 279474913
List the prime factors of 378978623.
378978623
List the prime factors of 2835782328.
2, 3, 118157597
What are the prime factors of 157810928?
2, 11, 449, 1997
List the prime factors of 909384410.
2, 5, 11, 1249, 6619
List the prime factors of 41369655.
3, 5, 31, 43, 2069
What are the prime factors of 209198940?
2, 3, 5, 17, 205097
List the prime factors of 5523953311.
5523953311
List the prime factors of 625574753.
19, 491, 67057
List the prime factors of 126832591.
126832591
What are the prime factors of 2181744646?
2, 29, 37616287
What are the prime factors of 241936772?
2, 7, 11, 31, 25339
What are the prime factors of 1954857223?
11, 37, 967, 4967
List the prime factors of 657925910.
2, 5, 65792591
What are the prime factors of 156240889?
7, 22320127
What are the prime factors of 288893559?
3, 59, 1632167
What are the prime factors of 57869056?
2, 7, 43, 751
List the prime factors of 100626347.
37, 2719631
List the prime factors of 36385618.
2, 1163, 15643
What are the prime factors of 132681644?
2, 97, 341963
List the prime factors of 513565658.
2, 73, 3517573
What are the prime factors of 232294998?
2, 3, 13, 647, 4603
What are the prime factors of 248410400?
2, 5, 7, 6337
List the prime factors of 148746501.
3, 89, 233, 797
What are the prime factors of 50919472?
2, 3182467
List the prime factors of 280370739.
3, 11, 8496083
List the prime factors of 2956428874.
2, 7, 47, 4493053
List the prime factors of 105072227.
13, 631, 12809
What are the prime factors of 271430116?
2, 1823, 37223
List the prime factors of 1350332489.
11, 19, 521, 12401
List the prime factors of 3778483554.
2, 3, 227, 661, 1399
What are the prime factors of 156640599?
3, 53, 541, 607
List the prime factors of 834179789.
834179789
What are the prime factors of 4177283?
11, 19, 23, 79
List the prime factors of 60184367.
29, 2075323
List the prime factors of 3362397703.
7, 480342529
What are the prime factors of 1174295564?
2, 13, 47, 10223
List the prime factors of 255742153.
255742153
List the prime factors of 278322831.
3, 29, 355457
List the prime factors of 109954938.
2, 3, 19, 964517
What are the prime factors of 56718324?
2, 3, 13, 17, 7129
What are the prime factors of 201220774?
2, 263, 382549
What are the prime factors of 687741723?
3, 76415747
List the prime factors of 1075426810.
2, 5, 5399, 19919
List the prime factors of 2654473186.
2, 1327236593
List the prime factors of 192966114.
2, 3, 11, 47, 62207
What are the prime factors of 559154785?
5, 7, 15975851
What are the prime factors of 390382542?
2, 3, 11, 23, 7793
List the prime factors of 403927786.
2, 17, 137, 5101
What are the prime factors of 880707443?
7, 11, 193, 59263
List the prime factors of 364830550.
2, 5, 7, 1042373
List the prime factors of 831512637.
3, 19, 1237, 3931
List the prime factors of 364430125.
5, 2915441
List the prime factors of 1144195379.
103, 3319, 3347
What are the prime factors of 12768777?
3, 7, 202679
List the prime factors of 1408854041.
7, 131, 1536373
List the prime factors of 2204150215.
5,